p(i) = -i**3 + 3*i**2 + 2*i + 5. Suppose -y + 4*h = 4, 0 = -3*y + y + 5*h - 2. Give p(y).
-3
Let u(v) = v**3 - 6*v**2 + 5*v + 7. Suppose 18 = d - 5*l, 4*d = -3*l + 4 - 1. Let p be -2 + -1 + 5 + d. Calculate u(p).
7
Let g(h) = 4*h - 2*h - h + 2 - 6. Let f(c) = c**2 + 3*c - 4. Let d be f(-5). Let p = d + -1. What is g(p)?
1
Suppose 7*h = 4*h + 9. Let a(u) = -u + 2. Let b(v) = -2*v + 3. Suppose -36 = -3*l - 3*r - 12, 5*l - 2*r - 33 = 0. Let g(z) = l*a(z) - 4*b(z). What is g(h)?
5
Let u(b) = b**3 + 5*b**2 + b - 1. Suppose -3*i + 2*i + 4 = 0. Suppose -5*j = i*x - 1, 4*x - 5*j + 6 = -3. Let p be (2 - (-1 + -2))/x. Determine u(p).
-6
Let z be -1 - 2*(-6)/4. Let f(c) = -c**3 + 3*c**2 - 3*c. Calculate f(z).
-2
Let t(i) = 2*i**3 - 2*i**2 - 2*i + 2. Let o = 12 - 10. Calculate t(o).
6
Let f(y) = y + 6. Let l(b) be the third derivative of -b**6/120 - b**5/10 + b**4/12 + b**3 - 5*b**2. Let p be l(-6). Give f(p).
0
Let k(t) = -16*t**3. Suppose 0*q + 6*q - 6 = 0. Determine k(q).
-16
Let i(r) = r**3 + 3*r**2 + 3*r + 2. Suppose 5*k = g + 3*k - 3, 4*g + 18 = -2*k. Calculate i(g).
-7
Let d be (0 + -6)*(5 - (-4 - -10)). Let z(u) = -4*u**2 + 5*u - 3. Let l(p) = 7*p**2 - 10*p + 5. Let a(r) = 3*l(r) + 5*z(r). Give a(d).
6
Let g(q) = -q - 2. Let i be g(-6). Let z = -2 + i. Let j(b) = b**3 - 5*b**2 + 3*b**2 + 7*b**2 + z + 3*b. What is j(-2)?
8
Let p(o) = -o**2 - 3*o. Let q be p(-4). Let m = q + 1. Let a(z) = -z**2 - 3*z - 4. Determine a(m).
-4
Let n(x) = x + 2. Let z = -13 + 12. Calculate n(z).
1
Let c(j) = j**2 + 6*j - 7. Let i(b) = -b**2 - 5*b + 6. Let z = -5 - -9. Let d(x) = z*c(x) + 5*i(x). Let r be 0/(-1) - 3 - -3. Determine d(r).
2
Let w(u) = 3*u. Let p be w(-1). Let v(d) = -19 - 21 - 3*d - 19 + 58. What is v(p)?
8
Let z(r) be the first derivative of -1 - 1/4*r**4 + r**3 - 5*r + 7/2*r**2. Calculate z(4).
7
Let q be 3/((-1 + -2)/(-3)). Let p(w) = 0 - 1 + 0 + w**2 - 3*w. Calculate p(q).
-1
Let j(c) = -c**2. Let g(p) = -3*p**2 + 1. Let r(a) = -2*g(a) + 5*j(a). Let y be ((-8)/(-1))/(2/1). Suppose y*n + 13 = 1. Calculate r(n).
7
Suppose 5*u + 5 + 8 = -4*h, 0 = -2*u + 4*h - 22. Let a = 0 - u. Let m(v) = v**2 - 7*v + 2. Give m(a).
-8
Let z(g) = g - 12. Let p(h) = h**3 + 11*h**2 + 7. Let u be p(-11). What is z(u)?
-5
Suppose -a = 2*a - 45. Suppose a = -4*w - w. Let q(r) be the second derivative of r**4/12 - r. Calculate q(w).
9
Let k(q) be the first derivative of 11*q**3/3 + q**2/2 + 3. Determine k(-1).
10
Let d(c) = 7*c**2 - 13*c - 2. Let i(j) = 15*j**2 - 27*j - 5. Let u(s) = -13*d(s) + 6*i(s). Suppose 0 = -a - a + 10. Calculate u(a).
6
Let q(a) be the second derivative of -1/20*a**5 + 0 - 1/4*a**4 + 1/6*a**3 - 3*a - 3/2*a**2. What is q(-3)?
-6
Suppose 14 = -2*t + 5*c, -2*t = -t + c. Let a(d) = -2*d - 2. Let v be a(t). Let n(i) = 2*i - 1. Calculate n(v).
3
Let k = -10 + 6. Let s(t) be the third derivative of -t**2 - t**3 + 1/15*t**5 + 0*t + 0 + 1/120*t**6 - 1/12*t**4. Give s(k).
2
Let f(m) = m**3 - 12*m**2 + 12*m - 3. Let q be f(11). Suppose -z + 3*z = -q. Let k(h) = -h**2 - 4*h - 1. Determine k(z).
-1
Let f(l) = -l**3 - l**2 + 3. Let v = -2 + 5. Let h be 1/v - 4/12. What is f(h)?
3
Let t(n) = 4*n + 4*n - 53*n**2 + 4 + 47*n**2 + n - n**3. Calculate t(-7).
-10
Let d(g) = g + 5. Suppose -6*j = -3*j - 9. Suppose 2*v = j*v. Give d(v).
5
Suppose 4*i - 13 - 7 = 0. Let y(p) = p - 1. Let c(v) = -1. Let w(z) = -3*c(z) - y(z). Determine w(i).
-1
Let v(n) = -5*n**2 + 6 - 6. Let h be (0 + 1 + -2)*-1. Give v(h).
-5
Let r(i) be the second derivative of -i**3/3 + 3*i**2 - 3*i. Calculate r(6).
-6
Let p(h) be the third derivative of -h**8/3360 - h**7/2520 - h**6/720 + h**5/20 + 3*h**2. Let l(o) be the third derivative of p(o). What is l(-1)?
-5
Suppose -5*i + 52 = 2*r, i + 0*r - r = 9. Let v be (-76)/(-18) - i/45. Let g = v + -2. Let x(c) = 2*c**2 + 2. What is x(g)?
10
Let z be 12/(-18)*(-5 - 1). Suppose 0*l + l + 3*p = 2, -2*p = -2*l + z. Let g(h) = 4*h**2 - 4*h**l + 1 - h**2 - 3*h - 2. Determine g(-3).
-1
Let j(b) = -10*b**2 + 2*b + 1. Suppose 2*c + 0*c = -10, -5 = 5*t + 4*c. Suppose -4*l + 11 = t*h, -2*h + 27 = -2*l + 3*h. Determine j(l).
-11
Let z = 5 + -10. Let k(b) = b**3 + 6*b**2 + 7*b + 3. Determine k(z).
-7
Let w(q) be the third derivative of q**5/60 + q**4/6 - 5*q**3/6 - 36*q**2. Determine w(-4).
-5
Let v(n) = -3*n**3 - n**2 + n - 1. Let y = -1 + 6. Let u = y - 4. Suppose 0 - u = -s. Calculate v(s).
-4
Suppose q - p + 8 = 0, -2*p = -6 - 4. Let h = -8 + 14. Let c(b) = 2 - 2*b + h*b - 2*b. Determine c(q).
-4
Let s(h) be the first derivative of -h**3 + 1 - 3/2*h**2 - h + 1/4*h**4. What is s(4)?
3
Suppose c = -d + 4*c + 11, 5*d + 2*c - 4 = 0. Suppose 0 = -d*j + 3*j - 2. Let y(t) = -2*t + j*t + 4*t - 1 - t**2 - t. Determine y(2).
1
Let s(i) = 4*i - 1. Let o be s(1). Let h(x) = 3 - 1 - o + 2*x - 2*x**2 - x**3. What is h(-3)?
2
Let m(a) be the second derivative of -a**5/20 - a**4/4 - 3*a**2/2 + a. Determine m(-3).
-3
Let y(r) = r**3 + 6*r**2 + 5*r - 1. Let n be (-7)/2*(-16)/28. Suppose z + 5 = -2. Let o = z + n. What is y(o)?
-1
Let y(m) be the third derivative of m**5/20 + m**4/24 - m**2. Suppose 3*s + 24 = -j - 2*s, -2*j = -4*s - 8. Let q = -5 - j. Give y(q).
2
Let o(m) = m**3 + 4*m**2 + 3*m - 2. Let y(x) = -7*x**3 + 3*x**2 + 3. Let q(z) = 8*z**3 - 3*z**2 - 3. Let t(v) = -6*q(v) - 7*y(v). Let w be t(3). Calculate o(w).
-2
Let f(p) = p**2. Let a(c) = 3*c**2 + 7*c + 7. Let r(x) = a(x) - 2*f(x). Determine r(-7).
7
Let m(p) = p**2 - 11*p - 8. Let t be m(12). Let r(g) = g**3 - 2*g**2 - 3*g - 4. Give r(t).
16
Let q(y) = -y. Suppose -10 = 2*l + 5*j, 0*l - 2*l = -5*j - 30. What is q(l)?
-5
Let b = -3 + 1. Let p(q) = 2*q**3 + 4*q**2 + 4*q + 3. Calculate p(b).
-5
Suppose -13*p + 12 = -10*p. Let w(k) = -3*k + 3. What is w(p)?
-9
Let j(f) be the second derivative of -1/6*f**3 - 2*f**2 - 4*f + 0. Suppose 3*n = 2*g + 8, 4*n = -4*g - 4 - 12. Determine j(g).
0
Let q(n) = -2*n**2 + 13*n - 6. Let z be q(6). Let v(o) = -o**3 + o**2 + o - 12. Give v(z).
-12
Suppose -8*u - 7 = -9*u. Let r(l) = l**3 - 6*l**2 - 6*l - 4. What is r(u)?
3
Let g(b) = -b - 9. Let t be g(-2). Let q(a) = -a**2 - 7*a - 9. Give q(t).
-9
Let t be (-6)/(-27) + 56/(-9). Let m(c) = -c**2 - 7*c + 1. What is m(t)?
7
Let b(j) = j**3 + 2*j**2 - 3*j - 2. Let m(x) = -2*x**2 + 4*x - 3. Let n be m(2). What is b(n)?
-2
Suppose -3*g = 783 - 777. Let n(y) = -2*y + 1 + 4*y + 2*y. Calculate n(g).
-7
Suppose -4*m + 0*m + 8 = 0. Let f be m + -3 + 1 + 2. Let b be 0/(-2) + f + -5. Let c(w) = w**3 + 5*w**2 + 5*w + 3. Give c(b).
6
Suppose -2*c + 7*c = -2*f - 19, -5 = c. Let l(k) be the second derivative of -f*k**2 + 4*k - 1/6*k**3 + 0. What is l(-5)?
-1
Let m(d) be the third derivative of -d**4/24 - 5*d**3/6 + 3*d**2. Give m(-6).
1
Let w(b) be the second derivative of b**4/12 - b**3/2 - 5*b**2/2 + 9*b. Determine w(5).
5
Let s(h) = h**3 + 0 + 441*h + 4 - 443*h. What is s(-3)?
-17
Suppose 0 = -x + 3*x. Suppose -3*l + 9 + 0 = x. Let a(n) = -2*n + 3 + l*n**2 + 2*n - 4*n**2 - 5*n. Give a(-4).
7
Let u(l) = 4*l. Let c be u(1). Let b(a) = a. Calculate b(c).
4
Let k(q) = 7*q + 5*q - 11*q - 1. Determine k(3).
2
Let o = -5 + 2. Let h(d) = -d + 1. Let a(s) = -s - 3. Let j(i) = a(i) + 2*h(i). Give j(o).
8
Let x(o) = o + 5. Let t be (6/(-18))/(1/3). Let k(j) = -j + 2. Let d be k(7). Let r be 1 + t + 0 + d. Determine x(r).
0
Let q(k) = -k + 8. Suppose -6*z + 6 = -18. What is q(z)?
4
Suppose 0 = o - 2*x - 5 - 3, -4*o + 3*x + 27 = 0. Let i(c) be the second derivative of -c**5/20 + c**4/2 - c**3/6 + 7*c**2/2 - 3*c. Determine i(o).
1
Suppose 0 = 2*a + 3*f - 9, -f - 4 = -2*a + f. Let j(q) = -4*q**2 + 3*q**2 - a*q**2 - q**2 - 3*q - q**3. What is j(-3)?
-9
Let y(p) be the second derivative of -p**5/20 - 7*p**4/12 - 7*p**3/6 - p**2/2 + 7*p - 1. What is y(-6)?
5
Let d(f) be the third derivative of -f**5/60 - f**4/6 + 7*f**3/6 + 39*f**2. What is d(-6)?
-5
Suppose -4*t + 30 = t. Let o = t - 10. Let w(a) = a**3 + 4*a**2 + a. Calculate w(o).
-4
Let s(w) = -w - 4. Let m(x) = 5*x + 15. Let a(k) = -2*m(k) - 9*s(k). Let n be (-57)/(-5) - 4/10. Let j = n + -5. What is a(j)?
0
Let c be ((-13)/13)/((-2)/6). Suppose 9 = 2*v + a, -3*v - c*a = -a - 13. Let k(y) = -2*y + 1. Determine k(v).
-9
Suppose 4*m - 4 - 8 = 0. Let v(a) be the first derivative of -3 - 1/3*a**m + 2*a - 1/2*a**2. C